{"id":462,"date":"2019-01-06T12:09:41","date_gmt":"2019-01-06T12:09:41","guid":{"rendered":"http:\/\/badiyi.com\/?page_id=462"},"modified":"2019-05-30T13:10:29","modified_gmt":"2019-05-30T13:10:29","slug":"gallery-cd","status":"publish","type":"page","link":"http:\/\/badiyi.com\/?page_id=462&lang=de","title":{"rendered":"Gallery CD"},"content":{"rendered":"<p>[vc_row type=&#8221;vc_default&#8221; margin_top=&#8221;0&#8243; css=&#8221;.vc_custom_1481816172412{margin-bottom: 80px !important;padding-top: 80px !important;}&#8221;][vc_column width=&#8221;1\/3&#8243; offset=&#8221;vc_col-lg-8 vc_col-md-8&#8243;]<div id=\"ultimate-heading-400469e1ae835a317\" class=\"uvc-heading ult-adjust-bottom-margin ultimate-heading-400469e1ae835a317 uvc-7079 color-title accent-subtitle-color accent-border-color\" data-hspacer=\"no_spacer\"  data-halign=\"left\" style=\"text-align:left\"><div class=\"uvc-heading-spacer no_spacer\" style=\"top\"><\/div><div class=\"uvc-main-heading ult-responsive\"  data-ultimate-target='.uvc-heading.ultimate-heading-400469e1ae835a317 h2'  data-responsive-json-new='{\"font-size\":\"desktop:34px;\",\"line-height\":\"desktop:44px;\"}' ><h2 style=\"font-weight:bold;margin-bottom:5px;\">Information<\/h2><\/div><div class=\"uvc-sub-heading ult-responsive\"  data-ultimate-target='.uvc-heading.ultimate-heading-400469e1ae835a317 .uvc-sub-heading '  data-responsive-json-new='{\"font-size\":\"desktop:20px;\",\"line-height\":\"desktop:32px;\"}'  style=\"font-weight:normal;margin-bottom:25px;\">Preise &amp; Versand<\/div><\/div>[vc_column_text css=&#8221;.vc_custom_1553972727194{padding-bottom: 50px !important;}&#8221;]Word of Heaven Euro 9,&#8211;<\/p>\n<p>Andere CDs Euro 12,&#8211;<\/p>\n<p>Versand innerhalb Deutschland: 2,45 Euro<\/p>\n<p>Innerhalb EU: &#8230;&#8230;&#8230;&#8230;&#8230;.<\/p>\n<p>Au\u00dferhalb EU: &#8230;&#8230;&#8230;&#8230;&#8230;.[\/vc_column_text][vc_row_inner][vc_column_inner css=&#8221;.vc_custom_1481816126748{padding-bottom: 40px !important;}&#8221; offset=&#8221;vc_col-lg-6 vc_col-md-12&#8243;]<div id=\"ultimate-heading-969e1ae835a3e3\" class=\"uvc-heading ult-adjust-bottom-margin ultimate-heading-969e1ae835a3e3 uvc-4789 color-title accent-border-color\" data-hspacer=\"no_spacer\"  data-halign=\"left\" style=\"text-align:left\"><div class=\"uvc-heading-spacer no_spacer\" style=\"top\"><\/div><div class=\"uvc-main-heading ult-responsive\"  data-ultimate-target='.uvc-heading.ultimate-heading-969e1ae835a3e3 h2'  data-responsive-json-new='{\"font-size\":\"desktop:22px;\",\"line-height\":\"desktop:32px;\"}' ><h2 style=\"font-weight:bold;margin-bottom:20px;\">Download<\/h2><\/div><div class=\"uvc-sub-heading ult-responsive\"  data-ultimate-target='.uvc-heading.ultimate-heading-969e1ae835a3e3 .uvc-sub-heading '  data-responsive-json-new='{\"font-size\":\"desktop:18px;\",\"line-height\":\"desktop:28px;\"}'  style=\"font-weight:normal;\"><strong>Nach der Zahlung, erhalten Sie den Link per Mail.<\/strong><\/div><\/div>[\/vc_column_inner][vc_column_inner css=&#8221;.vc_custom_1481816132390{padding-bottom: 50px !important;}&#8221; offset=&#8221;vc_col-lg-6 vc_col-md-12&#8243;][\/vc_column_inner][\/vc_row_inner]<div id=\"ultimate-heading-980769e1ae835a446\" class=\"uvc-heading ult-adjust-bottom-margin ultimate-heading-980769e1ae835a446 uvc-8543 color-title accent-border-color\" data-hspacer=\"no_spacer\"  data-halign=\"left\" style=\"text-align:left\"><div class=\"uvc-heading-spacer no_spacer\" style=\"top\"><\/div><div class=\"uvc-main-heading ult-responsive\"  data-ultimate-target='.uvc-heading.ultimate-heading-980769e1ae835a446 h2'  data-responsive-json-new='{\"font-size\":\"desktop:22px;\",\"line-height\":\"desktop:32px;\"}' ><h2 style=\"font-weight:bold;margin-bottom:20px;\">Kontaktdaten<\/h2><\/div><\/div>[vc_row_inner][vc_column_inner width=&#8221;1\/3&#8243; css=&#8221;.vc_custom_1481816212917{padding-bottom: 30px !important;}&#8221;][vc_column_text]<\/p>\n<p style=\"text-align: left;\"><strong><span class=\"color-title\">Email:<\/span><\/strong><br \/>\nparisa[at]badiyi.com<\/p>\n<p>[\/vc_column_text][\/vc_column_inner][vc_column_inner width=&#8221;1\/3&#8243; css=&#8221;.vc_custom_1481816222041{padding-bottom: 30px !important;}&#8221;][vc_column_text]<\/p>\n<p style=\"text-align: left;\"><strong><span class=\"color-title\">Phone number:<\/span><\/strong><br \/>\n+49 176 55 40 1936<\/p>\n<p>[\/vc_column_text][\/vc_column_inner][vc_column_inner width=&#8221;1\/3&#8243; css=&#8221;.vc_custom_1481816226570{padding-bottom: 30px !important;}&#8221;][\/vc_column_inner][\/vc_row_inner]<div class=\" vc_custom_1481816232430  uavc-icons \">\n<a class=\"aio-tooltip 69e1ae835a8a4\" href=\"https:\/\/www.facebook.com\/Parisa-Badiyi-586058458452642\/\" target=\"_blank\" rel=\"noopener\"  data-toggle=\"tooltip\" data-placement=\"\" title=\"\"><div class=\"aio-icon advanced \" data-animation=\"\" data-animation-delay=\"03\" style=\"color:#ffffff;background:#318ce0;border-style:solid;border-color:;border-width:0px;width:36px;height:36px;line-height:36px;border-radius:500px;font-size:16px;margin-right:5px;\">\n\t<i class=\"icomoon-free-social-contact-16x16-facebook\"><\/i>\n<\/div><\/a>\n<a class=\"aio-tooltip 69e1ae835a994\" href=\"https:\/\/www.instagram.com\/parisabadiyi\/\" target=\"_blank\" rel=\"noopener\"  data-toggle=\"tooltip\" data-placement=\"\" title=\"\"><div class=\"aio-icon advanced \" data-animation=\"\" data-animation-delay=\"03\" style=\"color:#ffffff;background:#e231bf;border-style:solid;border-color:;border-width:0px;width:36px;height:36px;line-height:36px;border-radius:500px;font-size:16px;margin-right:5px;\">\n\t<i class=\"icomoon-free-social-contact-16x16-instagram\"><\/i>\n<\/div><\/a><\/div>[\/vc_column][vc_column width=&#8221;1\/3&#8243;][vc_single_image image=&#8221;306&#8243; img_size=&#8221;567\u00d7378&#8243; alignment=&#8221;center&#8221;][vc_single_image image=&#8221;496&#8243; img_size=&#8221;567\u00d7378&#8243; alignment=&#8221;center&#8221;][vc_single_image image=&#8221;312&#8243; img_size=&#8221;567\u00d7378&#8243; alignment=&#8221;center&#8221;][vc_single_image image=&#8221;315&#8243; img_size=&#8221;567\u00d7378&#8243; alignment=&#8221;center&#8221;][vc_single_image image=&#8221;318&#8243; img_size=&#8221;567\u00d7378&#8243; alignment=&#8221;center&#8221;][vc_single_image image=&#8221;733&#8243; img_size=&#8221;567\u00d7378&#8243; alignment=&#8221;center&#8221;][vc_single_image image=&#8221;321&#8243; img_size=&#8221;567\u00d7378&#8243; alignment=&#8221;center&#8221;][vc_single_image image=&#8221;324&#8243; img_size=&#8221;567\u00d7378&#8243; alignment=&#8221;center&#8221;][vc_single_image image=&#8221;327&#8243; img_size=&#8221;567\u00d7378&#8243; alignment=&#8221;center&#8221;][vc_single_image image=&#8221;736&#8243; img_size=&#8221;567\u00d7378&#8243; alignment=&#8221;center&#8221;][vc_single_image image=&#8221;739&#8243; img_size=&#8221;567\u00d7378&#8243; alignment=&#8221;center&#8221;][vc_single_image image=&#8221;309&#8243; img_size=&#8221;567\u00d7378&#8243; alignment=&#8221;center&#8221;][\/vc_column][vc_column width=&#8221;1\/3&#8243;][\/vc_column][\/vc_row]<\/p>\n","protected":false},"excerpt":{"rendered":"<p>[vc_row type=&#8221;vc_default&#8221; margin_top=&#8221;0&#8243; css=&#8221;.vc_custom_1481816172412{margin-bottom: 80px !important;padding-top: 80px !important;}&#8221;][vc_column width=&#8221;1\/3&#8243; offset=&#8221;vc_col-lg-8 vc_col-md-8&#8243;][vc_column_text css=&#8221;.vc_custom_1553972727194{padding-bottom: 50px !important;}&#8221;]Word of Heaven Euro 9,&#8211; Andere CDs Euro 12,&#8211; Versand innerhalb Deutschland: 2,45 Euro Innerhalb EU: &#8230;&#8230;&#8230;&#8230;&#8230;. Au\u00dferhalb EU: &#8230;&#8230;&#8230;&#8230;&#8230;.[\/vc_column_text][vc_row_inner][vc_column_inner css=&#8221;.vc_custom_1481816126748{padding-bottom: 40px !important;}&#8221; offset=&#8221;vc_col-lg-6 vc_col-md-12&#8243;][\/vc_column_inner][vc_column_inner css=&#8221;.vc_custom_1481816132390{padding-bottom: 50px !important;}&#8221; offset=&#8221;vc_col-lg-6 vc_col-md-12&#8243;][\/vc_column_inner][\/vc_row_inner][vc_row_inner][vc_column_inner width=&#8221;1\/3&#8243; css=&#8221;.vc_custom_1481816212917{padding-bottom: 30px !important;}&#8221;][vc_column_text] Email: parisa[at]badiyi.com [\/vc_column_text][\/vc_column_inner][vc_column_inner width=&#8221;1\/3&#8243; css=&#8221;.vc_custom_1481816222041{padding-bottom: 30px !important;}&#8221;][vc_column_text] Phone&hellip;<\/p>\n","protected":false},"author":1,"featured_media":0,"parent":0,"menu_order":10,"comment_status":"closed","ping_status":"closed","template":"","meta":[],"_links":{"self":[{"href":"http:\/\/badiyi.com\/index.php?rest_route=\/wp\/v2\/pages\/462"}],"collection":[{"href":"http:\/\/badiyi.com\/index.php?rest_route=\/wp\/v2\/pages"}],"about":[{"href":"http:\/\/badiyi.com\/index.php?rest_route=\/wp\/v2\/types\/page"}],"author":[{"embeddable":true,"href":"http:\/\/badiyi.com\/index.php?rest_route=\/wp\/v2\/users\/1"}],"replies":[{"embeddable":true,"href":"http:\/\/badiyi.com\/index.php?rest_route=%2Fwp%2Fv2%2Fcomments&post=462"}],"version-history":[{"count":10,"href":"http:\/\/badiyi.com\/index.php?rest_route=\/wp\/v2\/pages\/462\/revisions"}],"predecessor-version":[{"id":745,"href":"http:\/\/badiyi.com\/index.php?rest_route=\/wp\/v2\/pages\/462\/revisions\/745"}],"wp:attachment":[{"href":"http:\/\/badiyi.com\/index.php?rest_route=%2Fwp%2Fv2%2Fmedia&parent=462"}],"curies":[{"name":"wp","href":"https:\/\/api.w.org\/{rel}","templated":true}]}}